20 + 36 - 4*s - 12. What is the tens digit of y(l)?
2
Suppose 3*i = -12, 0 = 6*c - 8*c + 2*i + 17520. What is the tens digit of c?
5
Let j be 3*(1 + 16/(-6)). Let c(m) = m**3 + 4*m**2 - 12*m - 6. Let h be c(j). Suppose -h*x + 24*x + 875 = 0. What is the tens digit of x?
7
Let u = -14 + 26. Let a be (-75)/(-1125) - (-1798)/30. Suppose -i + a = -u. What is the units digit of i?
2
Suppose -1536994 = -6*r - 87*r - 289864. What is the tens digit of r?
1
Let q be (-6)/(-5) + 1338/(-15). What is the hundreds digit of (-32)/q + (-19175)/(-55)?
3
Let f(s) = -9*s**2 + 2*s - 26. Let n(a) = -19*a**2 + 5*a - 53. Let w(x) = 5*f(x) - 3*n(x). What is the hundreds digit of w(4)?
2
Let w(q) = -3*q - 5. Let n be w(-4). Let p(g) be the third derivative of -g**6/120 + 3*g**5/20 - g**4/4 + 5*g**3/3 + 1257*g**2. What is the tens digit of p(n)?
6
Suppose -33*h - 36 = -42*h. Suppose 0 = -h*y + 5*f - 121 + 977, 4*f - 1111 = -5*y. What is the units digit of y?
9
Let z(w) = -4*w - 1. Let d be (4/2)/((-72)/(-20) + -4). Let y = -10 - d. What is the units digit of z(y)?
9
Let p(n) = n**2 + 67*n - 11. Let i(s) = -4*s + 1. Let b(w) = -6*i(w) - p(w). What is the hundreds digit of b(-26)?
4
Let o be 4/((-8)/(-6))*1. Suppose -76 = -5*b - 91. What is the units digit of (b + 10/o)*309?
3
Let q(u) = 841*u - 412. What is the ten thousands digit of q(14)?
1
Suppose 16497 = 3*o - r - 12840, -o - r = -9775. What is the thousands digit of o?
9
Let d = -33 - -33. Let q be (-3)/6*d/6. Suppose 3*v - 395 - 265 = q. What is the units digit of v?
0
Let r(n) = 18*n**2 - 5*n - 16. Let y(t) = 52*t**2 - 14*t - 49. Let h(q) = -8*r(q) + 3*y(q). What is the tens digit of h(-8)?
6
Let o = -743 + 990. Let d = 623 - o. What is the units digit of d?
6
Let c = 71 - 79. Let m(f) = -f**3 - 7*f**2 + 4*f + 5. What is the tens digit of m(c)?
3
Let b be 2/6 + (-46)/3. What is the tens digit of 54/b*(420/(-8) + -5)?
0
Let x be (8/(-24))/((-2)/1806). Suppose -5*g = -5*r - 295, 5*g = 4*r + x - 2. What is the units digit of (-7)/g - 1486/(-9)?
5
Suppose 4*c - 8 = 0, p - 291 = 4*p - 3*c. Let y = 471 + p. What is the tens digit of y?
7
Suppose -3*k - 3*o = 3, 0*o + 13 = 5*k - o. Let g be 489/9 + k/3. Let s = 74 - g. What is the tens digit of s?
1
Suppose 24*p + 0*p - 25944 = 0. Suppose 2*f - p = 79. What is the hundreds digit of f?
5
Let j(s) = -s**3 - s**2 + 2. Let b be j(-4). Suppose -4*q + 6*q - b = 0. Suppose 3*m = -q + 355. What is the tens digit of m?
1
Let h = 53 + -33. Suppose 4*p = 2*t - 26, 5*p + 0*p = -h. Suppose 2*v + 24 = b, 5*v - 23 = t*b - 153. What is the units digit of b?
8
Suppose 2*d - 35725 = -54*r + 53*r, 0 = 3*r - d - 107210. What is the tens digit of r?
3
Let h be (-135)/(-20)*636/3. Let q = -812 + h. What is the tens digit of q?
1
Suppose -28*v - 1064 + 2940 = 0. Suppose 0 = -2*j + 5*l + 850, -v*j + 72*j = 2*l + 2104. What is the units digit of j?
0
Suppose 28*f - 146694 = -3*d + 24*f, 4*d - 195542 = 3*f. What is the hundreds digit of d?
8
Suppose 30 = -3*a + 2*a. Let y = -28 - a. Suppose y*n = c - 49 - 75, c = 5*n + 127. What is the units digit of c?
2
Let f be -17 - -296 - (-1 - -7). What is the tens digit of 26/f - 57112/(-84)?
8
Suppose -6 = -2*s - 8. Suppose 164 = -3*d - 127. Let t = s - d. What is the tens digit of t?
9
Suppose -5*x + 582 = 2*c, 3*c - 614 = -x + 246. Let p be (-201)/(-6)*(3 - 63/7). Let z = p + c. What is the units digit of z?
5
Suppose 324493 = 22*v - 0*v - 9*v. What is the units digit of v?
1
Let y(f) = 1180*f**2 - 106*f + 451. What is the ten thousands digit of y(4)?
1
Suppose -u + 1 = -2*r - 2, 0 = -4*r. Suppose -s - 3*t = t + 5, -3*t = u. What is the hundreds digit of (846/(-10) + s)*(-65)/26?
2
Suppose 123 = 23*y - 130. Let p = 312 + -223. Suppose r - p = -y. What is the tens digit of r?
7
Let t be 3*1*(-6)/(-9). Let o(a) = 56*a + 10. Let m be o(t). Let k = 379 - m. What is the units digit of k?
7
Let u(o) = -o**3 - 15*o**2 + 2*o + 35. Let v be u(-15). Suppose -607 + 174 = -l - v*i, 0 = 2*l + 2*i - 898. What is the tens digit of l?
5
Suppose 0 = -108*n - 74*n + 3701516. What is the hundreds digit of n?
3
Let n be (-2)/(-8) + (-5866)/(-56). Let f = n + -18. What is the tens digit of f?
8
What is the tens digit of -3827*66/55*20/(-4)?
6
Suppose -370 = 5*j + 335. Let g be (j/2 - -6)/(3/6). Let a = 393 + g. What is the hundreds digit of a?
2
Suppose 10*i + 49 = 9*i. Let m = i - -49. What is the units digit of 1*(9 - 8/4) - m?
7
Let b(f) = 3891*f**2 - 35*f - 1. What is the units digit of b(2)?
3
Suppose -2*k = -5*k + 15. Let d be 3*4/6 - (-150)/k. Suppose 0 = -d*i + 28*i + 180. What is the tens digit of i?
4
Suppose 27*c - 281394 = -36*c + 9*c. What is the hundreds digit of c?
2
Let y(l) = 1175*l - 17. Let x be y(2). Let m = -1292 + x. What is the units digit of m?
1
Let h(k) = k**3 - k**2 + 603*k - 3569. What is the units digit of h(6)?
9
Let k(x) = 168*x + 248. What is the units digit of k(10)?
8
Let h = -8871 + 14099. Suppose 8*c - 18900 = -h. What is the tens digit of c?
0
Suppose -x - 5*h - 21 = 0, 2*x + 2*h = 4*h + 18. Let w be 15/x + 1 - (-9)/36. Suppose -3*d - j - 143 = -6*d, w*d - 3*j - 245 = 0. What is the tens digit of d?
4
Let g(a) = -a**3 + 12*a**2 - 12*a + 2. Let d be g(11). Let r(c) = -7*c - 21. Let y be r(d). Suppose 5*u = -y + 117. What is the tens digit of u?
1
Suppose 3*l - 2*o - 72723 = 0, -4*l - 429*o + 425*o + 96964 = 0. What is the units digit of l?
1
Let r(f) = -14*f - 24. Let l be r(-14). Suppose -5*j + l = -7*j. Let w = j + 140. What is the tens digit of w?
5
What is the hundreds digit of ((-40)/(-8))/(-25) + 80251*(-2)/(-10)?
0
Suppose 4*y - 5*y = -2. Suppose -y*i + 82 = -2*b - 170, 5*i + 5 = 0. Let m = b - -189. What is the units digit of m?
2
Let u(l) = 60*l**3 + 47*l**2 - 122*l + 31. What is the hundreds digit of u(7)?
0
Let i(d) = 12 + 11 - 44*d - 25. Let s be i(-6). Let o = s - 154. What is the tens digit of o?
0
Let g(j) = j**3 + 65*j**2 - 453*j + 181. What is the units digit of g(-71)?
8
Suppose 35*j - 34*j - 74 = -d, d = 0. Suppose 52*u - j*u + 2618 = 0. What is the hundreds digit of u?
1
Suppose 91748 + 13577 = 25*x. What is the tens digit of x?
1
Let m(r) = 41 + 2*r**2 - 18*r + r**2 + 5. Suppose 7*l + 616 = 63*l. What is the tens digit of m(l)?
1
Let m(a) = 9*a**2 + 192*a + 31. What is the thousands digit of m(35)?
7
Suppose 0 = -3*z - j + 899, -5*z = 4*j - 795 - 694. Let f = 207 + z. What is the tens digit of f?
0
Let m(y) = y**3 - 6*y**2 + 14*y - 13. Let i be m(5). Suppose i*p - 512 = 1856. What is the tens digit of p?
7
Let j be (-33)/44*(28/(-6) - -2). Suppose -2139 = -4*l + 3*d, -d - 534 = -j*l + l. What is the units digit of l?
7
Suppose -205*g - 4*m - 13020 = -208*g, m + 13029 = 3*g. What is the tens digit of g?
4
Suppose -290*c - 2*k + 102660 = -288*c, 5*c - 256641 = -2*k. What is the hundreds digit of c?
3
Suppose 3358 = g + 4*f, -5*g = 3*f - 0*f - 16705. Let k = g + -2170. What is the thousands digit of k?
1
Let i = 68 - 65. Suppose 9*n - 4*v - 1634 = 6*n, i*v + 2727 = 5*n. Suppose 5*d - 3*w - n - 156 = 0, 0 = -4*d + 2*w + 562. What is the hundreds digit of d?
1
Suppose 5*t = 708 - 273. Suppose -44*c + 39*c - h + 12 = 0, 2*c + 4*h = -6. Suppose v + 8*z = c*z + t, -4*z - 435 = -5*v. What is the tens digit of v?
8
Let q(o) = -1974*o - 5232. What is the hundreds digit of q(-24)?
1
Suppose 3*n = -3*h + 48786, 14*n - 3*h = 18*n - 65048. What is the hundreds digit of n?
2
Let c(l) = 2*l + 0*l**3 - 2*l**3 + 12 - 4*l**2 + l + l**3. Let a be c(-4). Suppose a = -3*k - 3*k + 438. What is the tens digit of k?
7
Let h be (-1)/(-2)*(9 - -65). Let t = -32 + h. Suppose 3*c - 989 = -t*o, 5*o = -2*c + 1011 - 20. What is the tens digit of o?
9
Let g be ((-60)/(-14))/(166/(-84) + 2). Let o = g - 1. Suppose -3*h + 461 = 4*n - o, 0 = n + h - 160. What is the units digit of n?
0
Let k(i) = -5*i + 57 + 3*i - 10*i - i. Let l be k(-14). Let t = l + -104. What is the hundreds digit of t?
1
Suppose 4*t - 14 = -5*i + 15, 2*t + 3 = i. Suppose 0 = 4*g - 3*m - 253, 0 = i*m - 2 - 3. What is the tens digit of g/80 + 162/10?
1
Let x = 20433 - 9005. What is the thousands digit of x?
1
Let x(w) = -6*w**3 - w**2 - 3*w - 1. Let d be x(-3). Let m = d + 78. What is the hundreds digit of m?
2
Let l(y) = -10*y**2 + 5*y + 1. Let d be l(-4). Suppose 4*s + 5*q + 